e of 7?
True
Does 10 divide 5470?
True
Is 6 a factor of 60468?
True
Does 26 divide 14143402?
True
Is 7 a factor of 95755?
False
Does 113 divide 21632607?
True
Does 1811 divide 219131?
True
Is 575 a factor of 1352975?
True
Is 5 a factor of 1237296?
False
Is 892003 a multiple of 61?
True
Is 434538 a multiple of 9?
True
Is 270839 a multiple of 68?
False
Does 10 divide 24930?
True
Is 2424632 a multiple of 113?
False
Does 76 divide 1254773?
False
Does 325 divide 229125?
True
Is 945116 a multiple of 23?
True
Does 21 divide 97692?
True
Is 23 a factor of 2471899?
False
Is 395 a factor of 715897?
False
Is 6759775 a multiple of 29?
False
Does 210 divide 169260?
True
Does 7 divide 501431?
True
Does 174 divide 388716?
True
Does 9 divide 39656?
False
Is 46 a factor of 2305597?
False
Is 5532592 a multiple of 871?
True
Does 449 divide 270005?
False
Does 5 divide 513319?
False
Does 2 divide 1982?
True
Is 8885478 a multiple of 21?
True
Is 148825 a multiple of 51?
False
Does 2 divide 68063?
False
Is 78 a factor of 4002426?
False
Is 2622 a factor of 15942288?
False
Is 184 a factor of 9069912?
True
Is 6 a factor of 251988?
True
Does 670 divide 2499100?
True
Does 107 divide 2602051?
False
Does 20 divide 1443840?
True
Does 47 divide 1151594?
True
Does 975 divide 12625187?
False
Is 29356569 a multiple of 41?
False
Does 46 divide 756056?
True
Is 804 a factor of 279499?
False
Does 311 divide 1363231?
False
Is 12121390 a multiple of 11?
False
Does 11 divide 62844?
False
Is 506 a factor of 6528418?
False
Does 144 divide 48816?
True
Does 12 divide 59257?
False
Is 262181 a multiple of 79?
False
Does 313 divide 7155806?
True
Is 3091522 a multiple of 46?
True
Is 112 a factor of 12788720?
True
Does 42 divide 1994286?
True
Is 29 a factor of 272832?
True
Is 262287 a multiple of 44?
False
Is 14 a factor of 4663652?
True
Is 184861 a multiple of 27?
False
Does 25 divide 25629?
False
Is 1279 a factor of 1098352?
False
Does 109 divide 1354045?
False
Is 110592 a multiple of 15?
False
Does 9 divide 92304?
True
Is 210 a factor of 239176?
False
Is 5623377 a multiple of 303?
True
Does 77 divide 8478386?
False
Does 55 divide 3082023?
False
Is 914929 a multiple of 89?
False
Does 88 divide 10215?
False
Is 18982659 a multiple of 1152?
False
Is 377056 a multiple of 8?
True
Is 4054623 a multiple of 440?
False
Is 16 a factor of 387624?
False
Does 724 divide 906448?
True
Is 13142888 a multiple of 77?
False
Is 17 a factor of 133464?
False
Does 57 divide 1941705?
True
Is 139502 a multiple of 187?
True
Does 23 divide 87904?
False
Is 568812 a multiple of 214?
True
Is 26342 a multiple of 7?
False
Does 7 divide 1192044?
True
Does 3 divide 279204?
True
Does 22 divide 5827008?
True
Does 496 divide 2480?
True
Does 358 divide 2652777?
False
Does 71 divide 2343905?
False
Is 430 a factor of 435160?
True
Does 53 divide 17066?
True
Does 12 divide 78734?
False
Is 1299212 a multiple of 16?
False
Is 80628 a multiple of 12?
True
Does 380 divide 2392480?
True
Does 4 divide 3348?
True
Does 21 divide 1973853?
True
Does 109 divide 761474?
True
Is 45694 a multiple of 31?
True
Is 16 a factor of 2634848?
True
Is 3099360 a multiple of 15?
True
Is 1657491 a multiple of 11?
True
Is 164 a factor of 106928?
True
Does 101 divide 508107?
False
Is 4300848 a multiple of 12?
True
Does 35 divide 19539343?
False
Is 88680 a multiple of 88?
False
Does 29 divide 18299?
True
Does 48 divide 429216?
True
Does 34 divide 8287636?
True
Is 35400 a multiple of 236?
True
Is 9 a factor of 466920?
True
Does 923 divide 3998436?
True
Does 24 divide 600209?
False
Is 3489093 a multiple of 19?
False
Does 34 divide 197132?
True
Is 96 a factor of 6912?
True
Is 1182961 a multiple of 13?
True
Is 70211 a multiple of 202?
False
Is 10503129 a multiple of 306?
False
Is 463855 a multiple of 7?
True
Is 96 a factor of 5621952?
True
Is 400 a factor of 13565171?
False
Is 69 a factor of 2076315?
False
Is 1307 a factor of 27135934?
True
Is 4521722 a multiple of 15?
False
Is 401 a factor of 875383?
True
Is 5678104 a multiple of 8?
True
Is 38 a factor of 33370?
False
Is 46719 a multiple of 29?
True
Is 528684 a multiple of 13?
True
Is 84694 even?
True
Is 322 a factor of 5362826?
False
Is 382 a factor of 253266?
True
Does 170 divide 2505800?
True
Is 10 a factor of 2691402?
False
Is 13 a factor of 3631644?
False
Is 7 a factor of 89348?
True
Is 1252518 a multiple of 57?
True
Is 1278160 a multiple of 10?
True
Is 18 a factor of 1713888?
True
Is 36 a factor of 465876?
True
Is 28 a factor of 150161?
False
Does 35 divide 1545390?
True
Is 47 a factor of 5069044?
True
Is 760 a factor of 768991?
False
Is 1217912 a multiple of 8?
True
Is 163 a factor of 641560?
False
Is 61714 even?
True
Is 114205 a multiple of 251?
True
Is 14 a factor of 253554?
True
Is 581 a factor of 3252707?
False
Is 913 a factor of 1132828?
False
Does 9 divide 292213?
False
Is 1378584 a multiple of 18?
True
Is 284 a factor of 6318039?
False
Is 253 a factor of 2514923?
False
Is 1333625 a multiple of 271?
False
Is 622 a factor of 678451?
False
Is 384943 a multiple of 16?
False
Is 166470 even?
True
Is 149 a factor of 58408?
True
Is 30 a factor of 5798190?
True
Does 8 divide 108788?
False
Is 1046 a factor of 488482?
True
Does 81 divide 2291770?
False
Is 376950 a multiple of 7?
True
Is 374490 a multiple of 342?
True
Does 23 divide 22217678?
True
Does 378 divide 2442702?
False
Does 382 divide 523310?
False
Is 20707830 a multiple of 30?
True
Does 16 divide 5435840?
True
Is 9295000 a multiple of 8?
True
Is 46 a factor of 83306?
True
Is 13 a factor of 174785?
True
Does 101 divide 705182?
True
Is 1171118 a multiple of 9?
False
Is 5161200 a multiple of 253?
True
Is 91 a factor of 298116?
True
Does 11 divide 92287?
False
Does 20 divide 652780?
True
Does 348 divide 1218348?
True
Is 90892 a multiple of 150?
False
Is 295041 a multiple of 11?
False
Does 226 divide 1023102?
True
Is 3015320 a multiple of 121?
True
Is 260 a factor of 1885520?
True
Is 289 a factor of 1494130?
True
Is 11484570 a multiple of 62?
True
Is 4183158 a multiple of 274?
True
Is 13749998 a multiple of 233?
False
Does 28 divide 329560?
True
Is 435 a factor of 570736?
False
Does 31 divide 632524?
True
Is 1432278 a multiple of 47?
True
Is 580 a factor of 877620?
False
Does 123 divide 157809?
True
Does 253 divide 7566299?
False
Is 972 a factor of 5077728?
True
Is 1230217 a multiple of 436?
False
Is 388172 a multiple of 15?
False
Does 89 divide 6574964?
True
Is 3 a factor of 1133412?
True
Does 5 divide 156837?
False
Is 109 a factor of 37342?
False
Is 1097832 a multiple of 21?
False
Is 130 a factor of 373201?
False
Is 270 a factor of 211054?
False
Is 20 a factor of 12281560?
True
Is 9 a factor of 26631?
True
Is 669829 a multiple of 591?
False
Is 7 a factor of 52731?
True
Is 208 a factor of 5054400?
True
Is 531 a factor of 87641?
False
Does 142 divide 92347?
False
Is 98370 a multiple of 45?
True
Is 133 a factor of 75145?
True
Does 60 divide 741095?
False
Is 3363801 a multiple of 147?
True
Is 628972 a multiple of 20?
False
Is 8 a factor of 990912?
True
Is 2095747 a multiple of 273?
False
Does 74 divide 1391122?
False
Is 4563527 a multiple of 82?
False
Is 20 a factor of 9346709?
False
Is 618403 a multiple of 16?
False
Is 39 a factor of 192105?
False
Is 193404 a multiple of 142?
True
Is 3 a factor of 1489266?
True
Is 122 a factor of 106628?
True
Is 25 a factor of 17100?
True
Is 812231 a multiple of 589?
True
Does 290 divide 12378650?
True
Does 6 divide 119805?
False
Does 15 divide 328037?
False
Is 406 a factor of 190820?
True
Is 909937 a multiple of 427?
True
Does 287 divide 68019?
True
Is 26 a factor of 12520378?
True
Does 60 divide 4427060?
False
Does 9 divide 38610?
True
Does 9 divide 588159?
True
Is 53630 a multiple of 10?
True
Is 1832467 a multiple of 525?
False
Is 1887 a factor of 17344577?
False
Does 66 divide 197123?
False
Is 371 a factor of 71974?
True
Is 203513 a multiple of 55?
False
Does 27 divide 836448?
False
Does 11 divide 8635?
True
Does 17 divide 171852?
False
Is 49153 a multiple of 247?
True
Does 250 divide 556304?
False
Is 13005048 a multiple of 1194?
True
Is 119111 a multiple of 19?
True
Is 7112 a multiple of 8?
True
Is 1769240 a multiple of 88?
True
Is 8 a factor of 4752?
True
Is 45 a factor of 306541?
False
Does 891 divide 5576577?
False